21 a composite number?
False
Is 395539007 prime?
True
Is 3733689457 prime?
False
Is 17646812177 a composite number?
True
Is 1664051329 prime?
False
Is 367756399 composite?
False
Is 4016399657 a composite number?
True
Is 1337898091 a prime number?
False
Is 323258293 composite?
True
Is 14129353417 composite?
True
Is 1463274361 composite?
True
Is 933966701 a prime number?
True
Is 28986162829 composite?
True
Is 662378669 a composite number?
False
Is 24818429 composite?
True
Is 864519839 composite?
False
Is 71056969949 a prime number?
False
Is 5485137557 prime?
False
Is 26268942899 a prime number?
True
Is 62804201 a composite number?
True
Is 41438733767 a composite number?
False
Is 473107681 composite?
False
Is 1329515659 a composite number?
True
Is 3143675517 a composite number?
True
Is 19600922981 a composite number?
False
Is 162067541 a composite number?
True
Is 965189951 a composite number?
True
Is 943865309 prime?
True
Is 2670112867 prime?
True
Is 2593544197 a prime number?
False
Is 603416599 a prime number?
True
Is 4397774441 prime?
True
Is 1036884841 a prime number?
False
Is 459649141 composite?
True
Is 288161851 a prime number?
True
Is 29821867783 composite?
True
Is 1698820567 a prime number?
True
Is 2088230009 a composite number?
False
Is 197975469 a composite number?
True
Is 13817060087 a composite number?
True
Is 3881463569 a composite number?
False
Is 1128078491 a composite number?
False
Is 25896827969 prime?
False
Is 1785573983 a prime number?
False
Is 147870215969 prime?
False
Is 1996709954 prime?
False
Is 4814738879 a prime number?
False
Is 12318216901 a composite number?
True
Is 2498477867 a composite number?
False
Is 16450363243 prime?
False
Is 65350039 a prime number?
True
Is 5934215711 prime?
False
Is 4340952923 composite?
True
Is 261059731 prime?
True
Is 2554425817 a prime number?
True
Is 86694092105 a prime number?
False
Is 22328263891 a composite number?
False
Is 1605604409 a prime number?
True
Is 27817935191 composite?
False
Is 58686506521 prime?
True
Is 4330563931 composite?
False
Is 6834792823 composite?
False
Is 80624703817 a composite number?
True
Is 717936623 composite?
True
Is 456600317017 composite?
True
Is 24129135551 prime?
True
Is 755046953 a composite number?
False
Is 4539826307 a composite number?
False
Is 1617517 composite?
True
Is 1302172379 composite?
True
Is 335682371 a composite number?
True
Is 826446563 a composite number?
False
Is 4301902657 prime?
False
Is 10255643933 composite?
False
Is 9494647391 prime?
True
Is 14178263 prime?
False
Is 26662211302 prime?
False
Is 5124046159 a composite number?
False
Is 12477376477 prime?
True
Is 48415004483 prime?
False
Is 5915469019 a composite number?
True
Is 87755069 a prime number?
False
Is 4389607381 prime?
True
Is 454345583 a composite number?
True
Is 32020911541 composite?
False
Is 2104506407 prime?
False
Is 739838381 a prime number?
True
Is 3334513967 a composite number?
True
Is 876828643 prime?
True
Is 6322835929 a composite number?
False
Is 1504779313 composite?
False
Is 252698844017 composite?
False
Is 523150627 a composite number?
False
Is 762046171 a prime number?
False
Is 54424169 prime?
True
Is 4330339379 a composite number?
True
Is 2490448823 a prime number?
False
Is 226112969 a composite number?
True
Is 14361521007 composite?
True
Is 187339574 a composite number?
True
Is 404439019 a composite number?
False
Is 31448141443 prime?
True
Is 6931986599 composite?
False
Is 28006607819 a prime number?
True
Is 17387558611 composite?
True
Is 2635808837 prime?
True
Is 46794879683 prime?
True
Is 24251201903 a composite number?
True
Is 4727494303 a prime number?
False
Is 10230466823 prime?
True
Is 2471564671 a prime number?
False
Is 116352256363 a prime number?
False
Is 635966399 a prime number?
False
Is 4865343719 prime?
False
Is 5440922815 composite?
True
Is 9622421929 a prime number?
True
Is 4598625193 composite?
True
Is 3176071363 composite?
False
Is 1664314409 a composite number?
True
Is 4735844966 a composite number?
True
Is 4290748437 composite?
True
Is 2732059697 prime?
True
Is 117006599513 a composite number?
False
Is 81893860223 a prime number?
False
Is 7985328311 a composite number?
True
Is 543017183 a prime number?
True
Is 17394268861 prime?
True
Is 9385422589 a composite number?
True
Is 27594911429 a composite number?
True
Is 9186012281 a composite number?
True
Is 597234851 a prime number?
False
Is 426489629 prime?
False
Is 23068121 composite?
False
Is 1420129183 a prime number?
False
Is 37564678741 a composite number?
False
Is 3659184299 a composite number?
False
Is 8214562229 composite?
False
Is 21233932307 a prime number?
False
Is 2884451671 prime?
True
Is 2820556253 a composite number?
False
Is 53996654203 composite?
False
Is 1654332233 composite?
True
Is 6478183841 a prime number?
False
Is 424608697 a prime number?
True
Is 580083223 composite?
True
Is 11396134427 a prime number?
False
Is 2429729581 a prime number?
True
Is 356340107 composite?
False
Is 235782227 a composite number?
False
Is 730447307 composite?
False
Is 566778551 a prime number?
False
Is 263794981661 a prime number?
False
Is 629052449 a prime number?
False
Is 71570911987 a prime number?
True
Is 14211026477 composite?
False
Is 14377217273 prime?
True
Is 1209571087 a prime number?
True
Is 198709631 prime?
True
Is 41448472643 a prime number?
True
Is 184620539 prime?
False
Is 528967027 prime?
False
Is 2265145427 prime?
False
Is 89841857 a prime number?
False
Is 27748618109 a prime number?
False
Is 6333858529 composite?
False
Is 1032580811 a composite number?
True
Is 2765485334 prime?
False
Is 419068115 prime?
False
Is 6761532647 a prime number?
True
Is 42459203 composite?
False
Is 11038228079 a prime number?
True
Is 163654459 composite?
False
Is 646889057 a composite number?
False
Is 5549396131 composite?
True
Is 677838131 composite?
False
Is 6033192691 a composite number?
False
Is 7033763747 a prime number?
True
Is 82455659443 a prime number?
True
Is 1046309749 composite?
True
Is 365854561507 a prime number?
True
Is 2044760351 a composite number?
False
Is 6220938863 prime?
True
Is 73563519149 composite?
True
Is 51322149833 prime?
True
Is 10426393391 a prime number?
True
Is 28768123 prime?
True
Is 721640189 composite?
True
Is 216250583 composite?
False
Is 1005115211 composite?
True
Is 184431067591 composite?
False
Is 33702233239 a composite number?
False
Is 57063876113 prime?
True
Is 467114699 a prime number?
True
Is 14197200757 a prime number?
True
Is 3407960377 a prime number?
False
Is 51087013 composite?
False
Is 16616442269 prime?
False
Is 64691331 a composite number?
True
Is 11441428331 a prime number?
True
Is 18771204833 composite?
False
Is 2308285093 a composite number?
False
Is 12599598463 composite?
False
Is 601985597 prime?
False
Is 475051537 a prime number?
True
Is 2011661909 prime?
False
Is 404997013 a composite number?
True
Is 858166889 prime?
False
Is 8236551041 prime?
False
Is 9371416771 a prime number?
False
Is 7263698677 a prime number?
False
Is 4652828911 composite?
True
Is 9736059799 a composite number?
False
Is 18641770709 a composite number?
False
Is 41055607939 a prime number?
False
Is 48248096381 composite?
True
Is 704927499 a prime number?
False
Is 1363955663 a composite number?
True
Is 836141647 prime?
False
Is 2405202061 a composite number?
False
Is 17510800017 a prime number?
False
Is 43893522951 composite?
True
Is 11753996557 composite?
True
Is 11801056903 a prime number?
False
Is 770698627 prime?
True
Is 9586987309 a composite number?
True
Is 13192780361 composite?
False
Is 108091499 composite?
False
Is 38915761033 prime?
False
Is 31841257 a prime number?
False
Is 1760793143 a composite number?
False
Is 19078051963 a composite number?
False
Is 11572417501 composite?
True
Is 8235613 composite?
True
Is 52372794059 prime?
True
Is 13031941781 composite?
True
Is 21998440253 prime?
False
Is 56627693413 a prime number?
False
Is 73467636313 prime?
False
Is 394244321 prime?
True
Is 1102498697 a composite number?
True
Is 146427649 a composite number?
False
Is 18707578909 composite?
False
Is 247043869 composite?
False
Is 1212409819 prime?
True
Is 410618849 composite?
False
Is 1239866927 composite?
True
Is 2302233217 composite?
True
Is 59398239574 a composite number